m(f) - 2*i(f). Give n(-10).
-16
Let q be 32 + -18 + (-26)/(-6)*-3. Let n(w) = -129*w**2 - 2*w + 3. Give n(q).
-128
Let h(u) = u**3 + 3*u**2 - u - 1. Suppose -2*t = 6*q - 5*q - 108, -4*q - 5*t = -423. Suppose 4*o + q = 86. Give h(o).
-13
Let m = 162 - 117. Suppose 3*f - m = 93. Let n(p) = -5 - 6*p**2 + 23*p + 19*p - p**3 - f*p. Determine n(-5).
-10
Let z(j) = -4*j**2 - 27*j + 37. Let b(d) = -5*d**2 - 36*d + 34. Let p(k) = 2*b(k) - 3*z(k). Give p(-8).
13
Suppose -20 = 5*r, -2*r + 3*r = 2*s - 2. Let g(m) = 18*m**2 - m + 2. Let w = 24 - 22. Let z(h) = h - 1. Let x(a) = w*z(a) + g(a). Calculate x(s).
17
Let x(l) = -26*l - 42*l - 13*l**2 - 10 - 2*l**3 + l**3 + 28*l. Determine x(-9).
26
Let y(w) = -w**2 + 12*w + 2. Let k(o) = -2*o**2 + 29*o - 2. Let n be k(14). Let v be y(n). Let s(t) = t**v + 23 - 8 - 10*t - 7. Determine s(8).
-8
Let c(a) be the first derivative of -a**3/3 - 9*a**2/2 + 13*a - 1. Let h be ((-6)/4)/((-2)/2)*(-6226)/849. Calculate c(h).
-9
Let t = 153 + -159. Let w(i) = -i**3 - 8*i**2 - 14*i - 6. Let u be w(t). Let v(b) = 3*b - 13. Calculate v(u).
5
Let u(m) = 10*m + m**2 + 57 - 37 + 10*m - 8*m. What is u(-7)?
-15
Let l(o) be the first derivative of -3*o**3 - 3*o**2/2 - 2*o + 2523. What is l(2)?
-44
Let u(o) = -12*o - 15. Let q(i) = i**2 + 76*i + 70. Let y be q(-75). Determine u(y).
45
Suppose -2*m + 42 = -56. Let s be 5967/(-585)*5/1. Let o = m + s. Let q(g) = -2*g**3 - 2*g**2 + 2*g + 2. Determine q(o).
6
Let w(l) = -l**2 + 9*l - 9. Suppose -17*i - 121 = 15. Let y be 1*(5 - (i/(-4) + -4)). Calculate w(y).
5
Let w = -73 - -23. Let i = w - -52. Let b(o) = -o. Let r(q) = -q**3 - 4*q**2 + 6*q + 1. Let m(v) = -4*b(v) - r(v). What is m(i)?
19
Let p be (20/(1700/(-153)))/((-3)/(-40)). Let i(l) = 2*l + 53. Determine i(p).
5
Let a(x) = x**2 + 19*x + 23. Let n be a(-17). Let d(u) = 5*u**2 + 35*u - 16. Let y(h) = h**2 + 7*h - 3. Let m(r) = n*y(r) + 2*d(r). What is m(-6)?
7
Let d(u) = u**2 - 6*u + 3. Let m(q) = q**3 + 13*q**2 + 13*q + 7. Let f be m(-12). Let y = f - -6. Let l be 1*(-2 + y) + 3. What is d(l)?
-5
Let y(w) = -w - w**2 + 2 - 2*w**2 + 0*w**2 - 2*w**3 + 3*w**3. Suppose 2 = u - 4. Let d be 4/(-2) - (6 - u - 0). Give y(d).
-16
Let m(s) = s**2 - s - 1. Let w(o) = -o**2 + o. Let p(y) = -2*m(y) - w(y). Let l = 412 + -402. Let n be l + -3*5/3. What is p(n)?
-18
Let f(d) = -2*d**2 + 41*d + 17. Let r be f(21). Let n be 1 + (2 + -7 - r). Let g(y) be the first derivative of -y**3/3 - y**2/2 + 6*y - 1. Give g(n).
6
Let b(o) = 3*o**2 + 1909045*o**3 + 0*o**2 - 1909046*o**3. Let r be 4/14 + 38/14. What is b(r)?
0
Let o(b) be the third derivative of b**6/120 - 2*b**5/15 - b**4/8 + 23*b**3/3 + 340*b**2 + 2*b. Determine o(8).
22
Let h(s) = 3*s**2 - 38*s + 35. Let n(c) = -c**2 + 13*c - 12. Let p(a) = -4*h(a) - 11*n(a). Let w be (896/1024)/(2/16). Give p(w).
6
Let u(j) = 11*j**2 - 60*j. Let v be u(6). Suppose v*f = -31 - 5. Let z(a) = 2*a**3 - 1. Calculate z(f).
-3
Let m(j) be the third derivative of j**4/24 + 4*j**3/3 + 763*j**2. Suppose -10 = 4*u + 4*l + 10, 1 = -l. Calculate m(u).
4
Let d = -78 + 68. Let h = -1 - d. Let g(l) = l + 25 - 8 - 1 - h. What is g(-6)?
1
Let c(m) = -m**3 + m**2 - m + 2. Let t be 2/6*-2*-3. Let g be c(t). Let z(n) be the second derivative of n**5/20 + n**4/6 - n**3 - n**2 - 200*n. Determine z(g).
-10
Let r(k) = k + 24. Let i(p) = p + 9. Let s(w) = -3*i(w) + r(w). Let d be (-40)/4*(-3)/6. Suppose 0*g - 20 = -d*g. What is s(g)?
-11
Let n be (4 + 3764)/(-9 + 11). Suppose -n = -6*v - 1926. Let c(b) = -2*b**3 - 15*b**2 - 6*b - 1. Determine c(v).
-8
Let k(o) = -12*o**3 + 26*o**2 + 5*o - 4. Let l(u) = 2*u**3 - 6*u**2 - u + 1. Let w(b) = -k(b) - 4*l(b). Give w(-1).
-5
Let w(v) be the third derivative of -v**5/60 + v**4/8 + v**3 - 3*v**2. Suppose 33*f - 36*f + 3 = 0. Let a = f - -4. Calculate w(a).
-4
Let n(m) = -m + 3. Let i be (26 + -3)*(2 - 1/(-1)). Suppose i*p = 72*p - 21. What is n(p)?
-4
Let n(j) be the third derivative of j**5/60 + j**4/4 - j**3/2 + 2*j**2. Suppose 5*o = -0*o - 25. Let b be 2 + (-1 + o - -1). Calculate n(b).
-12
Let s(a) be the third derivative of -a**7/840 + a**6/30 - a**5/12 - a**4/8 - 89*a**3/6 - 10*a**2 + 7. Let z(v) be the first derivative of s(v). Calculate z(11).
8
Let f(x) be the third derivative of -x**5/60 - x**4/12 + 3*x**3/2 - 33*x**2 - x - 6. Give f(0).
9
Suppose 2 = 5*p - 8. Let w(x) = -x + 8. Let o be w(p). Let k(g) = g**3 - 8*g**2 + 8*g - 9. Calculate k(o).
-33
Let k(z) = z**2 + 3*z + 40. Let w be k(-6). Let p(y) = -y**2 - 19*y + w*y - 21*y + 2*y**2 - 19*y. Give p(2).
2
Let o(g) = -6*g - 22. Let a be o(-4). Let j(z) = -7*z + 3*z**2 + 15 - 4*z**a - 23. Give j(-6).
-2
Suppose -4*n + 1 = -5*z + 2*z, 0 = -2*z + 5*n - 3. Let p = -40 + 43. Let u(b) = -p - z + 0 + 2*b + 3. Determine u(4).
7
Let t be (-34)/17*1*(3 + -2 + -2). Let x(i) be the second derivative of 13*i + 1/3*i**3 + 0 + 3/2*i**t + 1/6*i**4. What is x(-3)?
15
Let f = -57 - -61. Let o(u) = 2*u**2 + 8*u**2 + 4*u - 4*u**3 - 1 + f - 4. Let l(q) = q**3 - q**2. Let x(p) = 5*l(p) + o(p). Determine x(-3).
5
Let d(k) = -53*k - 298. Let q(n) = -263*n - 1501. Let u(j) = -29*d(j) + 6*q(j). What is u(-9)?
5
Suppose 134*j = 135*j - 19. Let g(s) = -j*s + 4 + 8*s + 13*s. Give g(-3).
-2
Let i(g) = -3*g**3 - 16*g**2 - 2*g + 12. Suppose -4*q = -x - 5, -4*x + 4*q = 2 + 18. Let u be i(x). Let f(m) = -m**2 - m + 3. Calculate f(u).
-3
Let o(w) be the third derivative of -w**6/120 + w**5/15 - 3*w**4/8 + w**3 - 6805*w**2. What is o(3)?
-12
Let p be (2/5)/(2/10). Let b(c) = -388 - 2*c + 0*c + 772 - 389 + 5*c. What is b(p)?
1
Suppose -i + 6 = -3*k, i = 3*k + k + 8. Let c(w) be the second derivative of -1/6*w**3 - 31*w - 1 + 0*w**4 - w**2 + 1/20*w**5. What is c(k)?
-8
Let o(r) = -r - 1. Let i(l) = 4*l - 6. Let z(x) = i(x) + o(x). Suppose -20*s + 24*s = 116. Let d = -26 + s. Give z(d).
2
Let m(k) = 7*k + 4. Let f = -212 - -197. Let r be 9/15 - (-99)/f. Determine m(r).
-38
Let n = -4093 - -4084. Let o(y) = -17 + 2 + 0 + 7*y + y**2 + y. What is o(n)?
-6
Let o(h) be the first derivative of -h**3/3 - 11*h + 8114. Determine o(-6).
-47
Let d(u) = u**2 + 1. Let n(k) = 3*k - 2. Let i(z) = d(z) + n(z). Suppose 0 = 41*g - 56*g. Let t be -3*((3 - 2) + g). What is i(t)?
-1
Let j be 4*8/(-12)*(-27)/(-12). Let x(s) = 4*s + 2. Let m(d) = -3*d - 2. Let c(z) = j*m(z) - 5*x(z). Give c(7).
-12
Let z(c) = 149*c**2 + 4*c - 3. Let o be z(1). Let w be (o/(-125))/(2/(-15)). Let g(x) = 39*x**3 - w - 2*x**2 + 8*x + 8*x**2 - 40*x**3. Give g(7).
-2
Let l = -64553 - -64557. Let w(u) = u**2 + 6*u - 12. Let c(t) = -t**2 - 6*t + 11. Let q(d) = 7*c(d) + 6*w(d). Calculate q(l).
-35
Let p = 92689/12 + -7724. Let h(c) be the third derivative of 0 + c**3 + 0*c + 1/24*c**4 - p*c**5 + 19*c**2 + 1/120*c**6. Give h(5).
11
Suppose -2*l = -38 + 24. Let y(q) = -3*q + 22. Let k be y(l). Let x(i) = -32*i**3 - 2*i**2 + 2*i - 1. Calculate x(k).
-33
Let a(s) = -s**2 - 6*s - 11. Let p(d) = -d**2 - 1053*d - 8354. Let t be p(-8). What is a(t)?
-83
Let x = -255 + 260. Let p be x/(4/(-2 + -2)) - 0. Let b(r) = -r**3 - 5*r**2 - 7*r - 7. Determine b(p).
28
Let o(y) be the first derivative of y**4/4 - 6*y**3 - 9*y**2 - 15*y + 1548. Determine o(19).
4
Let m(j) = -j**3 + 11*j**2 - 11*j + 19. Suppose 0 = 3*d - 398 - 22. Suppose 12*y = -2*y + d. Calculate m(y).
9
Let u be ((-1421)/(-21) + 3)/(4/6). Suppose -u + 136 = 3*x. Let z(w) = w**3 - 9*w**2 - 10*w + 4. Let n(q) = 1. Let d(r) = 2*n(r) + z(r). What is d(x)?
6
Let a(i) = -6*i - 72. Suppose 36*u + 467 - 251 = 0. Give a(u).
-36
Let g(t) = -29. Let h(w) = 11*w - 294. Let a(z) = 6*g(z) - h(z). What is a(6)?
54
Let w(c) = -474*c**2 + 5*c + 950*c**2 + 0*c + 2*c**3 - 4 - 481*c**2. Give w(4).
64
Let c(o) = -311*o**2 + 98*o**2 - 6 + 2*o**3 + 5*o - 3*o**3 + 104*o**2 + 104*o**2. Give c(4).
-130
Suppose 4*m - 6 = s, -2*m + 5*s - 1 + 13 = 0. Let v(g) = -115*g - 2*g**2 + 237*g + 7*g**3 - 120*g - m. Determine v(1).
6
Let g be 3 + (-2 - -4 - 2). Let z be (-17 - -14) + 13 + -1*2. Suppose -g*s + z = -10. Let h(n) = n - 7. What is h(s)?
-1
Suppose 44*y - 123*y - 810 = 83*y. Let d(r) = r**3 + 2*r**2 - 17*r - 11. What is d(y)?
-1
Let h(w) = w**3 - 4*w**2 - 6*w + 4. Let p be h(6). Let d = p + -42. Let x(g) be the first derivative of 2*g**3/3 + g**2 - 2*g + 8. Give x(d).
2
Let x(v) = 3*v - 86. L